be x(-2). Suppose 6 = -2*g - 2*d - 2*d, 5*g + 4*d = -27. Let y = v - g. What are the prime factors of y?
5
Let j = 25 + 35. List the prime factors of j.
2, 3, 5
List the prime factors of 36/1 + -10 + 8.
2, 17
List the prime factors of 2/7 - 201/(-7).
29
Let a(l) = 63*l - 21. What are the prime factors of a(3)?
2, 3, 7
Let m(i) = -i**2 - 8*i - 1. List the prime factors of m(-7).
2, 3
What are the prime factors of (-68)/(-6) - 1/3?
11
Let o = 55 + -20. What are the prime factors of o?
5, 7
Let y = 11 + -8. What are the prime factors of y?
3
Let g(f) = 6*f - 12. List the prime factors of g(5).
2, 3
Let t(d) = d + 7. Let k be t(-5). List the prime factors of (92/(-8))/((-1)/k).
23
Let a = 9 + -5. Suppose -7*h = -2*h - 25, -2*h = -a*m + 6. Suppose 0 = m*k - 135 + 47. What are the prime factors of k?
2, 11
Let q(p) be the first derivative of p**3/3 + p**2 + 4*p - 1. List the prime factors of q(-5).
19
Let t be -1 - -1*(-3 + 10). Suppose t*y = y + 80. What are the prime factors of y?
2
Let c = 78 - 15. List the prime factors of c.
3, 7
Let d = -3 + 1. Let a = d - -4. Suppose -t = -a*t + 2. What are the prime factors of t?
2
Let a = 10 + -6. Suppose -a*q + 3*q = -3*u + 7, -3*u + 1 = -4*q. What are the prime factors of u?
3
Suppose -19*v = -22*v + 318. List the prime factors of v.
2, 53
Suppose -2*o - 24 = -5*o - 3*f, -5*f + 34 = 3*o. Suppose -h + o*h = 48. What are the prime factors of h?
2, 3
Let n(y) = -y**3 + 7*y**2 - 6*y + 4. Let k be n(6). Suppose -1 = r - k. What are the prime factors of r?
3
Suppose 3*x + 3 = -30. Let m(j) = 2*j - 1. Let c(k) = -k - 1. Let u(o) = 4*c(o) + m(o). List the prime factors of u(x).
17
Suppose 6*h = h + 2*u, 5*u = 3*h + 19. Let p(k) = -k + 2*k**h + 9 - 6*k - 3*k**2. List the prime factors of p(-7).
3
Suppose -a + 59 = 3*h, -a - 4*a - 125 = -5*h. List the prime factors of h.
3, 7
Let a be -1 + -2*(-3 + 1). Let q(k) = -k - 1. Let h be q(a). Let s(l) = -3*l - 6. What are the prime factors of s(h)?
2, 3
Suppose 0 = 125*x - 132*x + 672. What are the prime factors of x?
2, 3
Let j(c) = -c**3 - 3*c**2 - 3*c + 3. Let r = 9 - 12. List the prime factors of j(r).
2, 3
Let l = -5 - -4. List the prime factors of ((-2 - l)*5)/(-1).
5
Suppose -w + 0*w + 13 = 0. Let k = 0 + w. What are the prime factors of k?
13
Suppose o = 8*o - 343. Let l = o - 7. What are the prime factors of l?
2, 3, 7
Suppose -2*y + 3*m = -4*y + 25, 2*m = -3*y + 25. Let l(f) = -f**2 + 7*f - 7. Let s be l(y). What are the prime factors of 12/(-18) - (-35)/s?
11
Let z be ((-14)/6)/((-1)/3). Let f = -5 + z. List the prime factors of f + (-3)/(-1 + -2).
3
Let y(t) = -t - 7. Let c be y(-6). Let b be 1 + 0 + (7 - c). Let o = -4 + b. What are the prime factors of o?
5
Let b = 68 + -35. What are the prime factors of b?
3, 11
Let u(s) = s**2 + 4*s - 4. Let y(z) = -z**2 - 4*z + 3. Let j(i) = -4*u(i) - 3*y(i). Let w be j(-6). What are the prime factors of (-10)/4*12/w?
2, 3
List the prime factors of (17 + 1)*6/3.
2, 3
Suppose -4*c - 2*x + 2 = -2*c, -x + 19 = -5*c. List the prime factors of 2/(-1)*(-5 - c).
2
Let y(m) = -6*m + 3. Suppose 0 = 2*x + 3*x + 20. List the prime factors of y(x).
3
Let w(a) = 8*a**2 - 3*a**2 - 1 + 2*a**2. Suppose 0 = -5*y - 4*s - 5, -2*y - 1 = -y + 3*s. What are the prime factors of w(y)?
2, 3
Let w(q) = 0*q**3 + 0*q - 1 - q**2 + q - 2*q**3 + 0. Let m be w(2). Let u = m - -31. List the prime factors of u.
2, 3
Suppose 7*n + 19 = 2*n - c, -2*n + 10 = -4*c. What are the prime factors of (140/(-21))/(1/n)?
2, 5
Suppose -12 = -4*t - 3*a + 4, -5*a = -4*t + 16. Let s be (0/(-1))/(-1 + -1). Let m = t - s. List the prime factors of m.
2
Let n be ((-1)/(-2))/((-1)/18). List the prime factors of n/6*(2 - 10).
2, 3
Let l = 89 + 91. List the prime factors of l.
2, 3, 5
Suppose -16 = -5*j + j. Suppose 0 = 2*u - 12 - j. Suppose 0*w - 3*w + 50 = 5*s, w - u = -s. List the prime factors of s.
13
Let q(u) = -2*u - 2*u + 5*u + 1. List the prime factors of q(3).
2
Let u(r) = 3*r - 16. List the prime factors of u(8).
2
Let w(x) = x**3 - 2*x**2 - 7*x + 6. List the prime factors of w(5).
2, 23
Let d = 1 - -10. Suppose 2*m - 5*u = 33, -3*u + 150 = 5*m - 2*u. Suppose -4*q = -m - d. List the prime factors of q.
2, 5
Let g(y) = 8*y**3 - y**2 + 4. What are the prime factors of g(2)?
2
Let y(g) = 10*g**3 + g**2 - 2*g + 1. Let j be y(1). List the prime factors of ((-4)/j)/(3/(-60)).
2
Suppose 5 = -4*b + 21. Suppose m - b = 4*v, 5*m - 51 = 3*v + 3. List the prime factors of m.
2, 3
Let w(x) = 0*x**3 - x + x**3 - 3*x + 2*x**2 - 1. Suppose -5*m = -1 + 16. List the prime factors of w(m).
2
Let q = -9 + 15. Suppose 4 = 5*p - q. What are the prime factors of 14/p*(2 - 1)?
7
Let c = -7 - -13. Suppose 2*r + 52 = 5*v, -c = v - 2*v - 4*r. List the prime factors of v.
2, 5
Let u(o) = -2*o + 3. Let r be u(3). What are the prime factors of r + (20 - (-9)/(-3))?
2, 7
Let p(r) = 2*r**2 - 15*r + 45. What are the prime factors of p(14)?
227
Let n = 26 - 16. Let u = 38 - n. What are the prime factors of u?
2, 7
Suppose -u - 15 = -35. What are the prime factors of u?
2, 5
Let w = 0 + -2. Let b = w + 5. Suppose 0 = b*j + 3, -4*j + 20 = -0*m + 3*m. What are the prime factors of m?
2
What are the prime factors of (-173)/(-3) - 8/12?
3, 19
Let q be (-12)/(-12)*(1 + -2). List the prime factors of (44 + 2/q)/1.
2, 3, 7
Let x be 3/(-15) + 9/(-5). Let a(t) = 14*t**2 + t - 2. Let p be a(x). Let s = -37 + p. List the prime factors of s.
3, 5
Let w(t) = -6*t - 3 + t**2 - 7*t + 13*t - 3*t. Let n = -1 - 1. What are the prime factors of w(n)?
7
Let y = 6 + -15. Let a be (-2)/(-9) + 2/y. Suppose 4*n - 8 = -a*n. List the prime factors of n.
2
Suppose 0 = 2*g - 19 - 21. Let o be 5*(-3)/(30/(-8)). Suppose 2*z = o*z - g. What are the prime factors of z?
2, 5
Let t = -13 - -59. Suppose 5*w - 37 = -2*r + 36, -3*w + r = -t. List the prime factors of w.
3, 5
Let n = 52 - -3. What are the prime factors of n?
5, 11
List the prime factors of 2/(-3) - (-188)/12.
3, 5
Suppose -p + v - 3 + 55 = 0, -5*v = 4*p - 235. List the prime factors of p.
5, 11
What are the prime factors of ((-170)/6 + -1)/(12/(-18))?
2, 11
What are the prime factors of (-9)/27*(0 + -992 + -1)?
331
Suppose 2*i + 5 = -3*i. Let w = i - -19. List the prime factors of w.
2, 3
Let o be 1/(-3) - (-7)/3. Let h(c) = 2*c**2 + 7*c - 2. Let g be h(-6). Suppose -2*k + g = o*k. List the prime factors of k.
7
Let r = -4 - -1. Let f = 13 + r. List the prime factors of f.
2, 5
Let s be 20 - (-1)/(-1)*-1. Let y = -9 + s. What are the prime factors of y?
2, 3
What are the prime factors of (((-75)/(-6))/(-1))/(1/(-10))?
5
Let z = 2 + 3. Suppose z*o - 11 = -0*g + g, 3*o - 2*g = 8. Suppose 2*f + 48 = 4*a, -7 - 1 = o*f. List the prime factors of a.
2, 5
Let h(b) = 14*b**2 + 1. Let n = 3 - 4. List the prime factors of h(n).
3, 5
Let m = -6 + 12. Let b be (-1 + 2)*(0 - -2). Suppose 4*y + 5*z = -0*z, b*y = -z + m. What are the prime factors of y?
5
Let w = 13 - 8. Let i(g) = -g**3 + 6*g**2 - 4*g - 7. Let q be i(w). What are the prime factors of (4/1)/q - -20?
2, 3
Suppose -63 + 3 = -3*w. List the prime factors of w.
2, 5
List the prime factors of (4 + 162)/(-2)*(-1)/1.
83
Let u(j) = 22*j + 3. List the prime factors of u(1).
5
Let i(v) = -v**3 + 8*v**2 - 7*v + 10. Suppose 2*w - 7 = w. What are the prime factors of i(w)?
2, 5
Let y(w) = -w**2 + w + 3. Let d be y(-7). Let x = -30 - d. What are the prime factors of x?
23
Suppose h + 2*o - 39 = 0, 2*o + 126 = -h + 5*h. List the prime factors of h.
3, 11
Suppose 4*k + 2 = -q + 21, 3*q - 3*k = -3. Suppose 4*v - q = 5. List the prime factors of v.
2
Suppose 0 = -4*l - 3*u + 33, -u + 19 = 2*l - 2*u. What are the prime factors of l/(-18)*(-84)/1?
2, 3, 7
Suppose 3*f - 11 = -5*n, -f - 4*f - 2*n = -50. List the prime factors of f.
2, 3
Let b = 7 + -3. Let s be 3*((-56)/3)/b. List the prime factors of 2/(2*(-1)/s).
2, 7
Let g = 32 - 24. What are the prime factors of g?
2
Let r(v) = -v**2 - 8*v + 4. Let s be r(-4). Let d = -66 + 44. List the prime factors of (d/8)/((-5)/s).
11
Let z(o) = 3*o + 1. What are the prime factors of z(3)?
2, 5
Let q = 91 - 10. List the prime factors of q.
3
Suppose 2*b + 3*h = 2*h + 72, -5*b + 3*h = -158. List the prime factors of b.
2, 17
Suppose -2*q = 10, x = 3*q - 7*q - 9. Suppose -2*v + 77 - x = 0. What a